33342
What is -110111111001010101001 (base 2) in base 4?
-12333022221
Convert -1455135 (base 7) to base 9.
-332466
Convert 26a8 (base 14) to base 7.
25601
-943508 (base 10) to base 16
-e6594
Convert -101010001000011001 (base 2) to base 10.
-172569
Convert -53b3b3 (base 14) to base 11.
-1667223
-2536627 (base 9) to base 16
-151927
Convert 350343 (base 6) to base 3.
1112002000
Convert 305b64 (base 13) to base 3.
2010020200112
What is 10110001101000110101100 (base 2) in base 4?
112031012230
What is -1643430 (base 7) in base 5?
-24314331
Convert 323120100 (base 4) to base 5.
30240331
What is -1c3915 (base 16) in base 11?
-1053714
Convert -100001000000000100111 (base 2) to base 7.
-12122502
What is -11110110000001000011 (base 2) in base 14?
-1c3335
-662813 (base 9) to base 15
-7c403
Convert 4234034 (base 7) to base 2.
1111101001100101010
-25031c (base 13) to base 7
-10346603
-11240123 (base 5) to base 11
-70047
What is 26454420 (base 7) in base 9?
4518476
-8563a (base 14) to base 3
-121101002011
What is -10001011010001101111 (base 2) in base 15?
-b406e
-55315254 (base 7) to base 4
-102022100322
Convert 72c6c (base 14) to base 6.
5533412
What is -10000111000111100101111 (base 2) in base 8?
-20707457
What is -10110200010 (base 4) in base 7?
-12424614
Convert -105531300 (base 6) to base 11.
-1116621
Convert 404733 (base 12) to base 15.
14c40c
102031033000 (base 4) to base 2
10010001101001111000000
374641 (base 8) to base 13
46bc0
What is -1269178 (base 10) in base 8?
-4656672
-10020021100001 (base 3) to base 16
-1a3608
Convert -172759 (base 10) to base 15.
-362c4
Convert -1820534 (base 9) to base 12.
-410927
What is -11134314 (base 5) in base 3?
-12001021001
Convert -132138 (base 10) to base 5.
-13212023
-102320424 (base 5) to base 15
-882ae
2000011 (base 3) to base 5
21322
What is 735784 (base 14) in base 12?
137a220
-1030222312 (base 4) to base 5
-40022123
What is 2128d (base 16) in base 2?
100001001010001101
-192b4 (base 15) to base 8
-237323
10310010020 (base 4) to base 16
134108
What is 2c8669 (base 16) in base 9?
5436654
Convert 11012685 (base 9) to base 5.
2330313432
-303322130123 (base 4) to base 3
-221121101200002
What is -5255462 (base 7) in base 11?
-3a4778
Convert 34806 (base 9) to base 13.
a779
Convert -786791 (base 14) to base 7.
-46523241
Convert -1207887 (base 10) to base 11.
-75555a
Convert -1e2496 (base 16) to base 6.
-110201330
1658788 (base 10) to base 16
194fa4
-200111211110 (base 3) to base 9
-614743
-1505998 (base 11) to base 13
-6c65b7
What is -213130331 (base 4) in base 16?
-2773d
What is 311aba8 (base 12) in base 11?
5246050
Convert 16421 (base 10) to base 2.
100000000100101
456554 (base 9) to base 12
112571
12010100211 (base 3) to base 2
11000101000000011
What is 101123 (base 15) in base 9?
1382576
What is cde6 (base 15) in base 7?
241143
-120121234 (base 5) to base 12
-227158
What is 3a711b (base 12) in base 13?
27a98b
Convert -5433150 (base 7) to base 6.
-22121033
Convert -122735 (base 9) to base 5.
-4333403
Convert -414435 (base 12) to base 10.
-1023593
What is -4005020 (base 6) in base 4?
-231311010
2210b6 (base 13) to base 3
1111202012201
-2070563 (base 9) to base 8
-4166427
-31654410 (base 7) to base 10
-2702700
1016613 (base 7) to base 2
11101111000101100
-10011110111001100011 (base 2) to base 6
-21541111
110111101000011101 (base 2) to base 5
24242434
What is 3c50b4 (base 15) in base 16?
2c4a8d
Convert 3d492 (base 16) to base 15.
4e5a1
30366203 (base 7) to base 13
6ab062
Convert b28eb (base 15) to base 4.
2022012032
What is -117b4b (base 12) in base 2?
-1000101001010101011
10b04d (base 14) to base 7
4554126
Convert 96707 (base 11) to base 10.
140609
Convert -407c7 (base 14) to base 11.
-a6681
-1012041 (base 7) to base 11
-82807
-7406363 (base 9) to base 3
-21110020102010
Convert 6502302 (base 7) to base 4.
3001003230
-121ac (base 15) to base 12
-29516
-137b19 (base 12) to base 5
-40342431
Convert -545413510 (base 6) to base 16.
-954c12
What is -22911 (base 11) in base 8?
-100425
Convert -833882 (base 9) to base 7.
-4131050
-8cd1b2 (base 14) to base 12
-1735674
23a971 (base 11) to base 6
12053330
-376b20 (base 12) to base 7
-10452321
What is -4502252 (base 9) in base 3?
-11120002021202
What is 928bd (base 16) in base 3?
1010111101121
What is 53750 (base 12) in base 3?
12120210120
What is d109b (base 15) in base 8?
2414216
What is 33a02a (base 15) in base 3?
11122011200111
Convert -1133453 (base 6) to base 15.
-127d0
b904 (base 13) to base 6
314540
What is -1313003030 (base 4) in base 6?
-14241312
3344104 (base 6) to base 4
221112220
101111111100000101110 (base 2) to base 10
1570862
1214520300 (base 6) to base 16
d4c8ec
Convert -4340 (base 16) to base 15.
-517b
Convert 66c2cc (base 14) to base 9.
6510602
Convert 106d (base 16) to base 15.
13a5
What is -12202210020 (base 3) in base 7?
-652050
What is 1212422210 (base 5) in base 12?
b599a5
Convert 50635 (base 12) to base 10.
104585
Convert -2541777 (base 8) to base 13.
-1b919c
What is 6ace (base 16) in base 10?
27342
What is -1001111010100100101100 (base 2) in base 4?
-21322210230
What is -241123321 (base 5) in base 2?
-100010000000001100011
Convert c1327 (base 14) to base 2.
1110001010111100111
Convert -9940 (base 12) to base 15.
-5016
Convert -d47f (base 16) to base 2.
-1101010001111111
Convert 2300102102 (base 4) to base 11.
453554
Convert -353bc7 (base 15) to base 13.
-6b0c62
What is -86cb (base 13) in base 3?
-221201201
Convert 400536 (base 7) to base 12.
33090
132411014 (base 5) to base 13
1a5979
-10010110101011100011 (base 2) to base 5
-124222222
What is 1108952 (base 10) in base 5?
240441302
What is -1111010110100110101 (base 2) in base 14?
-d14b3
Convert -1424212002 (base 5) to base 11.
-2126056
What is 36807aa (base 11) in base 13?
1430853
Convert -25254351 (base 6) to base 3.
-1112110121011
Convert 17a307 (base 12) to base 2.
1100100100000110111
What is -6339206 (base 10) in base 15?
-85343b
Convert -14002140 (base 6) to base 14.
-c22cc
Convert 1e165c (base 15) to base 5.
334113222
Convert 1346372 (base 11) to base 15.
30cda6
What is 10a51 (base 16) in base 4?
100221101
Convert -1011100022210 (base 3) to base 12.
-259063
What is 13051300 (base 6) in base 13?
11c2b9
What is 5a319 (base 13) in base 15?
33ea4
Convert 263689 (base 12) to base 14.
124d3b
What is 4ef927 (base 16) in base 7?
61664121
Convert 60611363 (base 7) to base 5.
2242420121
What is 763414 (base 9) in base 5?
104031413
What is -5201425 (base 6) in base 8?
-746571
What is 445584 (base 16) in base 9?
8375113
Convert 431435 (base 8) to base 2.
100011001100011101
Convert -10533543 (base 6) to base 14.
-85cb5
What is 1544104 (base 11) in base 7?
31306132
1199534 (base 11) to base 14
3c0cd4
-5212426 (base 7) to base 11
-39776a
-16146014 (base 7) to base 3
-2221011001122
Convert 121112022012211 (base 3) to base 2.
100001100000101011011111
10eec0 (base 16) to base 14
20c5a0
What is -22118 (base 9) in base 3?
-202010122
Convert 16336 (base 15) to base 13.
2678a
What is -838524 (base 10) in base 15?
-1186b9
Convert -388713 (base 11) to base 10.
-611790
What is -11322112131 (base 4) in base 7?
-16113102
Convert 24582 (base 16) to base 4.
210112002
Convert -29cb10 (base 15) to base 10.
-2017365
-117071 (base 8) to base 15
-c005
-888468 (base 11) to base 4
-11121320212
What is 63014 (base 12) in base 5?
13121431
What is 117934 (base 10) in base 14?
30d9c
-1000020022012 (base 3) to base 5
-114123121
What is 14234344 (base 6) in base 8?
1667130
What is 45011 (base 14) in base 16?
28de7
Convert -b31699 (base 13) to base 2.
-1111111010110110111011
What is -43480a1 (base 11) in base 14?
-102bb0c
What is 285076 (base 9) in base 7?
1324110
What is -1000021220 (base 3) in base 6?
-232040
What is -32322014 (base 5) in base 14?
-72aa9
Convert -1277154 (base 8) to base 7.
-3026456
What is 23027145 (base 8) in base 7?
60302503
1491c (base 16) to base 10
84252
1010100002 (base 3) to base 7
121322
What is -410466 (base 10) in base 13?
-114aa4
Convert -36625 (base 11) to base 2.
-1100110110110110
Convert 233773 (base 8) to base 9.
131501
Convert -1112300113 (base 4) to base 8.
-1266027
What is 5331510 (base 8) in base 14?
2903c4
-18147362 (base 9) to base 5
-4314001232
Convert 315363 (base 12) to base 14.
162d19
Conve